0011427?
True
Is 91479025 a multiple of 55?
True
Is 39 a factor of 1727608471?
False
Is 143303393 a multiple of 334?
False
Is 4396546298 a multiple of 51?
False
Is 52257414 a multiple of 29?
False
Does 13 divide 580150418?
False
Does 35 divide 66939285?
True
Is 16860409 a multiple of 133?
False
Is 2784217988 a multiple of 7682?
True
Is 368021346 a multiple of 519?
False
Does 4906 divide 4624270459?
False
Does 49 divide 1160449066?
True
Does 139 divide 25720621?
False
Is 17132027 a multiple of 1368?
False
Is 68 a factor of 3558193436?
False
Is 197594936 a multiple of 22?
True
Is 8 a factor of 16413080?
True
Is 2167909 a multiple of 233?
False
Is 50 a factor of 64438900?
True
Is 638 a factor of 1237208962?
True
Is 870580716 a multiple of 4994?
False
Is 507 a factor of 93959644?
False
Does 55 divide 6054357?
False
Does 3 divide 28304731?
False
Is 13 a factor of 95883931?
True
Is 18 a factor of 12875720?
False
Is 488 a factor of 81486240?
True
Is 5643 a factor of 136763748?
True
Is 26627611 a multiple of 586?
False
Does 2882 divide 885488736?
True
Is 121430968 a multiple of 6?
False
Is 562 a factor of 11229104?
False
Does 11 divide 300521065?
False
Does 2856 divide 13539814?
False
Does 14 divide 330592584?
True
Does 281 divide 443879121?
True
Does 33 divide 705334749?
False
Does 271 divide 24639320?
True
Is 76 a factor of 1330192508?
True
Is 1090 a factor of 1643358120?
True
Is 163109540 a multiple of 2276?
True
Is 10 a factor of 50534753?
False
Does 151 divide 79408182?
True
Is 157 a factor of 35033200?
False
Is 65 a factor of 54638935?
True
Is 131469124 a multiple of 41?
True
Is 6 a factor of 36882409?
False
Is 98926720 a multiple of 32?
True
Does 193 divide 11549072?
False
Does 474 divide 94277031?
False
Is 18 a factor of 14297472?
True
Does 10 divide 5554261?
False
Is 2 a factor of 2096418?
True
Is 82552855 a multiple of 605?
True
Is 178026750 a multiple of 9?
True
Does 783 divide 714165560?
False
Is 234 a factor of 636731546?
False
Is 1086 a factor of 30806562?
True
Is 67 a factor of 138067494?
False
Does 301 divide 1432858873?
False
Does 1171 divide 1319094028?
True
Is 44 a factor of 205203372?
True
Is 49431179 a multiple of 280?
False
Does 657 divide 236444646?
False
Is 72 a factor of 79518779?
False
Is 5977 a factor of 230729842?
False
Is 161 a factor of 6068476?
False
Does 10 divide 594860?
True
Is 305377137 a multiple of 343?
False
Is 11425472 a multiple of 14?
False
Is 13 a factor of 1131789383?
False
Is 17246835 a multiple of 61?
True
Does 8 divide 92298752?
True
Does 770 divide 45242120?
True
Is 697 a factor of 170529414?
True
Is 1532 a factor of 1276175322?
False
Is 38 a factor of 70127131?
False
Is 322079778 a multiple of 88?
False
Is 7 a factor of 97661977?
True
Is 1383 a factor of 1024803?
True
Is 13 a factor of 30124900?
True
Is 592 a factor of 7587072?
True
Is 2 a factor of 54517725?
False
Is 471 a factor of 558600913?
False
Is 12026432 a multiple of 242?
True
Is 129 a factor of 56995357?
False
Is 786463631 a multiple of 229?
True
Is 3039 a factor of 637754495?
False
Does 26 divide 1048535588?
False
Does 178 divide 39947052?
False
Does 21 divide 75434436?
True
Is 53524562 a multiple of 13?
True
Is 121815204 a multiple of 2253?
True
Is 150 a factor of 15036600?
True
Is 63 a factor of 44851275?
True
Is 1508224111 a multiple of 1399?
False
Does 7 divide 41044332?
True
Is 399633624 a multiple of 117?
True
Does 908 divide 1518556?
False
Is 1321481 a multiple of 6?
False
Is 63935552 a multiple of 229?
False
Is 1419 a factor of 1707008224?
False
Does 10 divide 46643067?
False
Is 886090240 a multiple of 140?
True
Is 760587464 a multiple of 182?
True
Is 124 a factor of 6479620?
True
Is 3775821327 a multiple of 2447?
True
Is 563243252 a multiple of 44?
True
Is 56153366 a multiple of 61?
False
Is 274579331 a multiple of 2?
False
Is 377645406 a multiple of 9?
False
Is 66981871 a multiple of 3983?
False
Is 57 a factor of 1697717868?
True
Is 927568620 a multiple of 20?
True
Is 21744829 a multiple of 905?
False
Is 64 a factor of 1649193681?
False
Is 818206235 a multiple of 22?
False
Is 6 a factor of 1429183?
False
Does 44 divide 536384?
False
Is 28 a factor of 128179604?
True
Is 21468504 a multiple of 55?
False
Is 2845 a factor of 50085711?
False
Is 570613780 a multiple of 118?
True
Is 473 a factor of 41176542?
True
Is 16 a factor of 8437504?
True
Does 11 divide 2091096008?
False
Does 1538 divide 3722742087?
False
Does 462 divide 80095554?
True
Is 123 a factor of 210397035?
True
Does 1149 divide 18524178?
True
Does 79 divide 306097903?
True
Does 9539 divide 1839820845?
False
Does 97 divide 105900273?
False
Is 1123 a factor of 99269831?
True
Is 3016344289 a multiple of 619?
True
Is 208831077 a multiple of 371?
True
Does 573 divide 8268390?
True
Does 164 divide 52327316?
True
Does 6 divide 1979669526?
True
Is 4 a factor of 6210916?
True
Is 15 a factor of 255392966?
False
Does 71 divide 252872038?
True
Is 43 a factor of 34870721?
True
Is 4 a factor of 173273070?
False
Is 46174792 a multiple of 268?
True
Does 404 divide 70395367?
False
Is 12 a factor of 2171652?
True
Does 411 divide 1187481171?
False
Is 159 a factor of 31018118?
False
Is 7 a factor of 64664054?
True
Is 851 a factor of 3810756?
False
Is 333361472 a multiple of 4544?
True
Is 78304907 a multiple of 550?
False
Does 31 divide 1601547048?
True
Does 45 divide 12199320?
True
Is 784 a factor of 16714880?
True
Is 403 a factor of 108864405?
True
Is 528 a factor of 13287625?
False
Is 41041193 a multiple of 494?
False
Does 414 divide 35118728?
False
Does 87 divide 70282602?
True
Is 43637001 a multiple of 249?
True
Does 673 divide 32855187?
True
Does 8 divide 3761608?
True
Is 65672906 a multiple of 13?
True
Is 70313670 a multiple of 1890?
True
Does 22 divide 207720847?
False
Does 9 divide 56950960?
False
Is 18 a factor of 24705936?
True
Is 10 a factor of 366223950?
True
Does 53 divide 17626899?
True
Is 780228616 a multiple of 346?
True
Does 91 divide 209790343?
False
Is 3028761941 a multiple of 234?
False
Does 13 divide 2860506?
False
Is 1159737631 a multiple of 13?
True
Does 8 divide 18422670?
False
Is 254 a factor of 104698038?
True
Does 28 divide 5537620?
False
Is 21948258 a multiple of 334?
False
Is 1308227810 a multiple of 2507?
True
Is 418 a factor of 562676906?
True
Does 577 divide 1046943997?
True
Does 88 divide 633587416?
True
Does 273 divide 10324041?
True
Is 50 a factor of 1104360416?
False
Is 1693 a factor of 2961057?
True
Is 1151277840 a multiple of 45?
True
Does 337 divide 630523630?
True
Does 44 divide 8045180?
True
Does 16 divide 1580891316?
False
Is 10824705 a multiple of 4?
False
Is 290 a factor of 660620?
True
Does 400 divide 137518400?
True
Does 23 divide 1426207?
True
Is 102723946 a multiple of 381?
False
Does 7 divide 4402903190?
True
Is 3 a factor of 557267?
False
Is 411 a factor of 1316781647?
False
Is 997384172 a multiple of 8?
False
Is 29 a factor of 371608349?
True
Is 21 a factor of 72398550?
True
Is 1178408 a multiple of 17?
False
Does 63 divide 534155833?
False
Is 532844407 a multiple of 708?
False
Is 44050627 a multiple of 769?
True
Is 71 a factor of 688345?
True
Is 10610740 a multiple of 28?
True
Is 2867833188 a multiple of 18?
True
Is 24 a factor of 1857825768?
True
Is 23956736 a multiple of 128?
True
Is 841 a factor of 359992573?
True
Is 6 a factor of 29472577?
False
Is 122 a factor of 167564804?
True
Is 35 a factor of 199555895?
True
Does 1513 divide 86012464?
False
Is 906180 a multiple of 220?
True
Is 600585784 a multiple of 622?
True
Is 67580422 a multiple of 182?
True
Is 78979848 a multiple of 3011?
False
Does 39 divide 483284026?
False
Is 32186972 a multiple of 112?
False
Is 23 a factor of 255231167?
False
Does 21 divide 2343083542?
False
Is 37485809 a multiple of 374?
False
Is 4001 a factor of 116581138?
True
Does 14 divide 186125058?
True
Is 46 a factor of 30295033?
False
Is 2412 a factor of 556296444?
True
Is 634712526 a multiple of 15?
False
Does 35 divide 59653645?
False
Is 365477982 a multiple of 3463?
False
Is 6 a factor of 16142520?
True
Is 17 a factor of 11237153?
True
Is 65 a factor of 50709669?
False
Does 603 divide 42953316?
False
Is 23 a factor of 7419373?
False
Is 27529708 a multiple of 5?
False
Does 140 divide 322578200?
True
Is 13869944